ive of w**4/12 + 14*w**3/3 + 43*w**2/2 - 6508*w. What is c(-26)?
-9
Let w(v) be the first derivative of 2*v**3/3 + 9*v**2 - 12*v + 2014. Give w(-10).
8
Let n(w) = w**2 + 13*w + 21. Suppose -5*i = 3*l + 29, 2*l = 4*i + 441 - 387. Determine n(i).
-9
Let o be (-45)/(-6) + 3/6. Let k(x) = 2*x - 62. Let w(l) = -5*l + 145. Let d(c) = 7*k(c) + 3*w(c). Give d(o).
-7
Let g(p) = 57*p**2 - p. Let u be g(1). Let x(o) = o**2 + 17*o - 14. Let v be x(-20). Let w = u - v. Let y(m) = -m**2 + 10*m - 5. Determine y(w).
-5
Let s(v) be the second derivative of -2*v**3/3 + 15*v**2/2 - 1110*v - 2. Calculate s(3).
3
Let k = 21 - 17. Suppose 0 = -5*g + 5, 7 - k = 2*u - 5*g. Let y(l) = -16*l + 36. Let s(i) = -3*i + 7. Let a(w) = 11*s(w) - 2*y(w). What is a(u)?
1
Let p(a) = 18*a + 380. Suppose 69*i - 588 = -90*i - 3927. Determine p(i).
2
Let o(q) = 5679*q**2 - 3 + 5678*q**2 - 11360*q**2. Let v(n) = -n + 3. Let d be v(0). Determine o(d).
-30
Suppose 0 = 4*m - 5*r - 24, -3*m = -0*r + 2*r + 5. Let s be (-8)/m + (4 - 2). Let c(z) = -z**3 - 5*z**2 + 7*z - 6. Give c(s).
-12
Let b(h) = 1957 + 1956 - h - 5861 + 1960. Give b(15).
-3
Let a(g) = -10165*g - 43 + 3383*g + 3392*g + 3393*g + 2*g**2. What is a(5)?
22
Let s(c) = 3*c - 7. Let o(p) = -1. Let j(t) = -21*o(t) + 3*s(t). Let q be (3 + -4 + -1)*(-5 - -2). Suppose -q*w = -11*w - 10. What is j(w)?
-18
Let z = -13 + 16. Suppose -26 = z*a - 71. Suppose 2*u - a = -u. Let d(m) = m + 2. Give d(u).
7
Let g = 53/420 + 157/420. Let i(m) be the first derivative of 3*m + 4 - g*m**2. What is i(9)?
-6
Let h(r) = 8*r + 1 + 2*r**2 + 6 + 3 + 0. Let p(z) = -z**2 - 4*z - 5. Let i(t) = 3*h(t) + 5*p(t). Calculate i(-2).
1
Let b(r) = -10*r**2 - r - 1. Suppose 32 = 4*h + 4*u, 5*u = -0*u + 20. Suppose h*f + 0*d = d + 8, -5*d + 11 = -3*f. Let o be f/((-3)/2) - -1. Determine b(o).
-10
Let j(i) = -i**3 - 7*i**2 - 2*i - 2. Suppose -15*p = -12*p - 57. Let b be -10 - (p/(-4) + (-3)/(-4)). Determine j(b).
-26
Let b(s) = 3*s**2 + 29*s + 9. Let r be b(-9). Let k be (170/2 + 0)*(r + 8). Let m = -82 - k. Let o(g) = -g**2 + 2*g + 2. Calculate o(m).
-1
Let w(b) = b**3 + 7*b**2 + b - 5. Let k(o) = -o**3 + 21*o**2 - 53*o + 13. Let y be k(18). Suppose 4*n = c - y, 2*n + 4*c - 2 = -4. Give w(n).
-12
Let w(m) be the third derivative of 3*m**4/8 + 22*m**3/3 - 134*m**2 + 2*m + 4. Give w(-6).
-10
Let x(o) = 15*o + o**2 + 11291 - 22583 + 11284. Determine x(0).
-8
Let u(t) = -138*t + 1531. Let l be u(11). Let o(c) be the third derivative of -c**6/120 + 7*c**5/30 - c**4/2 - 13*c**3/6 - c**2. Calculate o(l).
0
Let n(t) be the first derivative of -14 - 11/20*t**5 + 0*t**2 - 15*t + 0*t**4 - 1/6*t**3. Let r(p) be the first derivative of n(p). Give r(1).
-12
Let y(d) be the third derivative of -d**5/30 - 5*d**4/24 + d**3/2 - 4*d**2. Let w = -461 + 457. Give y(w).
-9
Let c(x) = -x**2 - 19*x - 76. Let g be c(-14). Let h(y) = y**2 - 3*y - 4. Determine h(g).
50
Let t = 45 - 90. Let o = -43 - t. Let g be o - 0*(-3 + 0)/6. Let k(x) = 10*x. Determine k(g).
20
Let v(h) be the first derivative of h**5/60 - 3*h**4/8 + 4*h**3/3 - h**2/2 + 5*h - 3. Let b(l) be the second derivative of v(l). Calculate b(6).
-10
Let d be (-3472)/310 - 6/(-5). Let i(x) = -x**3 - 11*x**2 - 6*x + 26. What is i(d)?
-14
Suppose 0 = -2*a + 6, 3*g - 5*a + 156 = -a. Let r be (-152)/g + (-2)/12. Let w(u) = -8*u + 3. Give w(r).
-21
Let w(b) = 6*b - 9. Let r be w(2). Suppose r*v + 4 = 5*v. Let f(q) = 4 + 11*q**2 - 10*q**v - 2*q - 3*q. What is f(5)?
4
Let z(v) = 2*v**3 - 10*v**2 + v - 4. Suppose 0 = c - h - 3, -8*c = -7*c - 2*h - 1. Let t be z(c). Let l(x) = -8*x**2 + 2*x - 1. Give l(t).
-7
Let t(h) = h**2 + 7 + h - 4*h - 2*h. Let p be (4*(-2)/(-32))/(27320/(-480) - -57). Determine t(p).
1
Let g(v) = 2*v + 113. Let d(n) = n + 62. Let p(i) = 5*d(i) - 3*g(i). What is p(-17)?
-12
Let j(a) = 2*a - 7. Let y(v) = 2*v**3 + 28*v**2 - 32*v - 31. Let m be y(-15). Determine j(m).
-9
Suppose 4*i - 5 = f + 4, -2*f = -i + 11. Let w(g) = 5 + i + g + 0. Suppose j - 14 = 5*r, 2*r = 20*j - 23*j - 9. Give w(r).
3
Let d(z) = z**2 + 17*z - 228. Let q be d(11). Let b(s) = -84 - 4*s**3 - 2*s**2 + s + q + 5*s**3. Calculate b(2).
-2
Let k(y) be the second derivative of -y**4/12 + y**3/6 + y. Let v be 85 + -61 + 0 + -21. What is k(v)?
-6
Let q be (0 - -2)/2*(11 - -1). Suppose 0 = -4*x - q, 3*f + x = 2*x + 48. Let n(r) = 4*r + 14 - 2*r - f + 7. What is n(-5)?
-4
Let m(a) = -a**2 - 34*a + 246. Suppose -101*c - 91 = 3165 + 784. Determine m(c).
6
Let c(t) = -17*t - 2. Let g be c(1). Let a = g + 22. Let n(h) = -26*h**2 + a + h + 27*h**2 - 5. Determine n(-4).
10
Let r be (1 - -2)/(-3 + 2). Let q be r/(-3 + 4 - 0). Let y(z) = -z**2 + 8*z + 4. Let d(m) = -3*m**2 + 18*m + 9. Let w(k) = -2*d(k) + 5*y(k). What is w(q)?
-1
Suppose -4*z + 20 = 0, z + 9 = -0*o - o. Let t = 15 + o. Let v(p) = -4*p**2 + 4*p**2 + p**3 - 5*p**2 + p + 4*p**2. Determine v(t).
1
Let z be 5 - 6*(-4)/(-12). Let j(m) = -29 + 3*m**z + 54 - 4*m**2 - 27 - 4*m**3. Give j(-4).
-2
Let a(d) = 26*d**2 - 48 + 52*d - 38*d**3 + 142 + 39*d**3. Determine a(-24).
-2
Let i(r) = r**2 - 2*r - 1. Let p(o) = -o**2 - 1. Let h(a) = i(a) - 3*p(a). Let v(s) = -4*s - 13*s - 6*s + 8 + 21*s. Let d be v(3). What is h(d)?
14
Let a(o) = -2*o**3 - o**2 - 22*o + 6. Suppose -2*w - 3647*i + 3642*i = -25, w = -4*i + 20. Calculate a(w).
6
Let n be (-125)/(-15) - 2/(-3). Let s(v) = n + 28*v**2 - 9 - 54*v**2. What is s(1)?
-26
Let l(p) = -6*p**3 - 6*p**2 - 9*p + 1. Let a(m) = 5*m**3 + 6*m**2 + 8*m - 2. Let b(u) = -5*a(u) - 4*l(u). Suppose 5*d + 30 = 5. Calculate b(d).
1
Let s(c) be the third derivative of c**5/60 + 13*c**4/24 - 7*c**3/6 + 19*c**2 - 5. Determine s(-9).
-43
Suppose 31*t = 61*t - 120. Let w(r) = -r**3 + 5*r**2 - 3*r + 5. Give w(t).
9
Suppose 8*j = 4*j + 4, 0 = a - j - 1. Let t(c) = 12088*c - 24170*c + 12080*c. What is t(a)?
-4
Let q(o) = 2*o**2 - 2*o + 1. Let t = 27 + -23. Let v be (7/2)/(2/t). Suppose -v*c = c - 16. Determine q(c).
5
Let s(x) be the third derivative of x**4/24 + x**3/6 - 37*x**2 - 2. Suppose 2*z = -z + 36. Let j be (z/(-10))/(6/30). Give s(j).
-5
Let p(q) be the third derivative of -2 - 14*q**2 + q**3 + 1/60*q**5 + 1/3*q**4 + 0*q. Let g be -4 - -1 - 0 - 1. What is p(g)?
-10
Suppose 0*g - 47 = -3*g - 4*o, -5*g + 20 = -5*o. Let j(p) = -2*p - 3. Let d(y) = -y**3 + 9*y**2 + 7*y + 5. Let b(x) = d(x) + 3*j(x). What is b(g)?
5
Let i(q) be the first derivative of -q**3/3 - 9*q**2/2 - q - 2995. Give i(-7).
13
Let u be (-13)/((-2)/(-8)*14 - 3). Let k(r) = r**3 + 27*r**2 + 27*r + 31. Let f be k(u). Let y(m) = -2*m + 5 - m + 2*m. Give y(f).
0
Let c(t) be the first derivative of -17*t**2/2 - 70*t + 983. Calculate c(-4).
-2
Let o = 14 + -9. Let j(s) = 205*s + 2 + 2 - 103*s - 103*s. What is j(o)?
-1
Let j = 76 - 65. Suppose j = -2*n + 3. Let g be n/10 + (-24)/(-60). Let u(i) = i**2 - i + 14. What is u(g)?
14
Let j(n) = -3*n + 1. Let t be (-470)/40 - 3/12. Let s = t - -13. What is j(s)?
-2
Let y be (5 + -1)/12*-1*-6. Let w(u) = 6 - 5 + u - 4*u**2 + 9*u**y. Determine w(-1).
5
Let o = 944 - 930. Suppose -8*g - o*g = 18*g. Let m(y) = -y + 1. Give m(g).
1
Let d(a) = 17082*a - 17088*a - 71 - 9. What is d(-21)?
46
Let q(d) = 122*d**3 + 201*d**2 - 294*d + 587. Let k(x) = -17*x**3 - 29*x**2 + 42*x - 84. Let o(b) = 43*k(b) + 6*q(b). Give o(40).
-10
Suppose 16*v = 185*v - 2116 + 88. Let x(i) = 2*i**2 - 25*i + 10. Calculate x(v).
-2
Let a(n) = 12*n**3 + 20*n**2 - 21*n + 16. Let h(d) = -5*d**3 - 9*d**2 + 9*d - 8. Let f(x) = -2*a(x) - 5*h(x). Calculate f(-5).
23
Let z(w) = 2*w**2 - 3*w - 1. Let b(f) = -f**2 + 3*f + 1. Let k(x) = -3*b(x) - 2*z(x). Suppose 0 = 35*c + 4034207 - 4034382. Give k(c).
-41
Let x(u) = u**3 + u**2 + 2*u. Let z(d) = -54*d + 152. Let k(r) = -r - 1. Let h(c) = -3*k(c) + z(c). Let y be h(3). What is x(y)?
16
Let y(u) be the third derivative of -u**5/120 - u**4/2 + 10*u**3 + 6*u**2 + 2. Let d(z) be the first derivative of y(z). Determine d(-6).
-6
Let p(g) = 3*g**2 - 4*g + 9. Let j(y) = y**2 + y + 1. Suppose 4 = -4*v + 5*v. Let r be (-3 + 0 - -2 - -6 - 4)/(-1). Let t(c) = r*p(c) + v*j(c). Calculate t(-8).
-5
Let i(x) be the second derivative of x**5/5 - x**4/12 - x**3/2 + x**2/2 - x. Suppose 0 = -2*w, 4*w + 52 - 16 = 2*a. Suppose -2*j + 11*j - a = 0. Calculate i(j).
23
Let f(d) = -d**2 - 12*d + 5